{"id":28,"date":"2023-09-19T11:29:03","date_gmt":"2023-09-19T09:29:03","guid":{"rendered":"https:\/\/www.atelierpaysage.be\/?page_id=28"},"modified":"2025-09-30T16:32:46","modified_gmt":"2025-09-30T14:32:46","slug":"lequipe","status":"publish","type":"page","link":"https:\/\/www.atelierpaysage.be\/?page_id=28","title":{"rendered":"L&rsquo;\u00e9quipe"},"content":{"rendered":"<h2 style=\"font-size:1.6rem;font-style:normal;font-weight:400;line-height:0;text-transform:uppercase; padding-top:0;padding-bottom:0;padding-left:0;padding-right:0;margin-top:0;margin-bottom:0;margin-left:0;margin-right:0;\" class=\"has-link-color wp-elements-888c8f2a5245b8811fd7a2903056175b wp-block-post-title has-text-color has-vivid-red-color has-objektiv-mk-3-font-family\">L&rsquo;\u00e9quipe<\/h2>\n\n\n<div style=\"height:0px\" aria-hidden=\"true\" class=\"wp-block-spacer\"><\/div>\n\n\n\n<div style=\"height:16px\" aria-hidden=\"true\" class=\"wp-block-spacer\"><\/div>\n\n\n\n<figure class=\"wp-block-image size-large is-resized\"><img loading=\"lazy\" decoding=\"async\" width=\"1024\" height=\"578\" src=\"http:\/\/www.atelierpaysage.be\/wp-content\/uploads\/2025\/09\/unnamed-1024x578.jpg\" alt=\"\" class=\"wp-image-2551\" style=\"width:641px\" srcset=\"https:\/\/www.atelierpaysage.be\/wp-content\/uploads\/2025\/09\/unnamed-1024x578.jpg 1024w, https:\/\/www.atelierpaysage.be\/wp-content\/uploads\/2025\/09\/unnamed-400x226.jpg 400w, https:\/\/www.atelierpaysage.be\/wp-content\/uploads\/2025\/09\/unnamed-768x434.jpg 768w, https:\/\/www.atelierpaysage.be\/wp-content\/uploads\/2025\/09\/unnamed-1536x867.jpg 1536w, https:\/\/www.atelierpaysage.be\/wp-content\/uploads\/2025\/09\/unnamed-2048x1156.jpg 2048w\" sizes=\"(max-width: 1024px) 100vw, 1024px\" \/><\/figure>\n\n\n\n<p class=\"has-cyan-bluish-gray-color has-text-color has-link-color has-objektiv-mk-3-font-family has-normal-font-size wp-elements-1ca4e435dbb9f03f5de4d1eef0c35cb8\" style=\"font-style:italic;font-weight:400\">L&rsquo;\u00e9quipe en mars 2024. De gauche \u00e0 droite : Sophie, Victor, Etienne et Alix<\/p>\n\n\n\n<hr class=\"wp-block-separator has-text-color has-cyan-bluish-gray-color has-alpha-channel-opacity has-cyan-bluish-gray-background-color has-background is-style-wide\" style=\"margin-top:var(--wp--preset--spacing--50);margin-bottom:var(--wp--preset--spacing--50)\"\/>\n\n\n\n<p class=\"has-objektiv-mk-3-font-family has-large-font-size\" style=\"font-style:normal;font-weight:400\"><strong>Etienne Cellier,<\/strong> architecte paysagiste depuis 1997 et fondateur de l&rsquo;Atelier paysage. <\/p>\n\n\n\n<p class=\"has-objektiv-mk-3-font-family has-large-font-size\" style=\"font-style:normal;font-weight:400\"><em>\u00ab\u00a0artisan, paysan, jardinier anim\u00e9 d&rsquo;une curiosit\u00e9 sans cesse renouvel\u00e9e \u00e0 \u00e9couter, cr\u00e9er et raconter des paysages \u00e0 vivre\u00a0\u00bb<\/em><\/p>\n\n\n\n<hr class=\"wp-block-separator has-text-color has-cyan-bluish-gray-color has-alpha-channel-opacity has-cyan-bluish-gray-background-color has-background is-style-wide\" style=\"margin-top:var(--wp--preset--spacing--50);margin-bottom:var(--wp--preset--spacing--50)\"\/>\n\n\n\n<p class=\"has-objektiv-mk-3-font-family has-large-font-size\"><strong>Sophie Vandenabeele<\/strong>, architecte paysagiste, dipl\u00f4m\u00e9e de la Haute Ecole Charlemagne en 2022. Elle a rejoint en 2022 l\u2019Atelier Paysage.<\/p>\n\n\n\n<p class=\"has-objektiv-mk-3-font-family has-large-font-size\"><em>\u00ab\u00a0curieuse et attentionn\u00e9e \u00e0 percevoir le sens de ses actions sur les paysages\u00a0\u00bb<\/em><\/p>\n\n\n\n<hr class=\"wp-block-separator has-text-color has-cyan-bluish-gray-color has-alpha-channel-opacity has-cyan-bluish-gray-background-color has-background is-style-wide\" style=\"margin-top:var(--wp--preset--spacing--50);margin-bottom:var(--wp--preset--spacing--50)\"\/>\n\n\n\n<p class=\"has-objektiv-mk-3-font-family has-large-font-size\"><strong>Alix Gancille<\/strong>, architecte paysagiste, dipl\u00f4m\u00e9e de la facult\u00e9 de Gembloux en 2020. Elle a rejoint en 2022 l\u2019Atelier Paysage.<\/p>\n\n\n\n<p class=\"has-objektiv-mk-3-font-family has-large-font-size\"><em>\u00ab\u00a0avide de dessiner des paysages b\u00e9n\u00e9fiques pour tout ce qui vit, h\u00e9ritage d&rsquo;hier mais surtout de demain\u00a0\u00bb<\/em><\/p>\n\n\n\n<hr class=\"wp-block-separator has-text-color has-cyan-bluish-gray-color has-alpha-channel-opacity has-cyan-bluish-gray-background-color has-background is-style-wide\" style=\"margin-top:var(--wp--preset--spacing--50);margin-bottom:var(--wp--preset--spacing--50)\"\/>\n\n\n\n<p class=\"has-objektiv-mk-3-font-family has-large-font-size\"><strong>Victor Vanden Eynden<\/strong>, architecte paysagiste, dipl\u00f4m\u00e9 de la Haute Ecole Charlemagne en 2021 et de la facult\u00e9 de Gembloux en 2024. Il a rejoint en 2024 l\u2019Atelier Paysage.<\/p>\n\n\n\n<p class=\"has-objektiv-mk-3-font-family has-large-font-size\"><em>\u00ab\u00a0Attentif \u00e0 r\u00e9tablir l&rsquo;harmonie entre l&rsquo;homme et la nature et soucieux du g\u00e9nie du lieu, chaque espace doit pouvoir tisser son propre r\u00e9cit\u00a0\u00bb<\/em><\/p>\n","protected":false},"excerpt":{"rendered":"<p>L&rsquo;\u00e9quipe en mars 2024. De gauche \u00e0 droite : Sophie, Victor, Etienne et Alix Etienne Cellier, architecte paysagiste depuis 1997 et fondateur de l&rsquo;Atelier paysage. \u00ab\u00a0artisan, paysan, jardinier anim\u00e9 d&rsquo;une curiosit\u00e9 sans cesse renouvel\u00e9e \u00e0 \u00e9couter, cr\u00e9er et raconter des paysages \u00e0 vivre\u00a0\u00bb Sophie Vandenabeele, architecte paysagiste, dipl\u00f4m\u00e9e de la Haute Ecole Charlemagne en 2022. [&hellip;]<\/p>\n","protected":false},"author":1,"featured_media":0,"parent":61,"menu_order":0,"comment_status":"closed","ping_status":"closed","template":"page-without-title","meta":{"footnotes":""},"class_list":["post-28","page","type-page","status-publish","hentry"],"_links":{"self":[{"href":"https:\/\/www.atelierpaysage.be\/index.php?rest_route=\/wp\/v2\/pages\/28"}],"collection":[{"href":"https:\/\/www.atelierpaysage.be\/index.php?rest_route=\/wp\/v2\/pages"}],"about":[{"href":"https:\/\/www.atelierpaysage.be\/index.php?rest_route=\/wp\/v2\/types\/page"}],"author":[{"embeddable":true,"href":"https:\/\/www.atelierpaysage.be\/index.php?rest_route=\/wp\/v2\/users\/1"}],"replies":[{"embeddable":true,"href":"https:\/\/www.atelierpaysage.be\/index.php?rest_route=%2Fwp%2Fv2%2Fcomments&post=28"}],"version-history":[{"count":38,"href":"https:\/\/www.atelierpaysage.be\/index.php?rest_route=\/wp\/v2\/pages\/28\/revisions"}],"predecessor-version":[{"id":2552,"href":"https:\/\/www.atelierpaysage.be\/index.php?rest_route=\/wp\/v2\/pages\/28\/revisions\/2552"}],"up":[{"embeddable":true,"href":"https:\/\/www.atelierpaysage.be\/index.php?rest_route=\/wp\/v2\/pages\/61"}],"wp:attachment":[{"href":"https:\/\/www.atelierpaysage.be\/index.php?rest_route=%2Fwp%2Fv2%2Fmedia&parent=28"}],"curies":[{"name":"wp","href":"https:\/\/api.w.org\/{rel}","templated":true}]}}

L&rsquo;équipe

<h2 style="font-size:1.6rem;font-style:normal;font-weight:400;line-height:0;text-transform:uppercase; padding-top:0;padding-bottom:0;padding-left:0;padding-right:0;margin-top:0;margin-bottom:0;margin-left:0;margin-right:0;" class="has-link-color wp-elements-888c8f2a5245b8811fd7a2903056175b wp-block-post-title has-text-color has-vivid-red-color has-objektiv-mk-3-font-family">L&rsquo;équipe</h2>


<div style="height:0px" aria-hidden="true" class="wp-block-spacer"></div>



<div style="height:16px" aria-hidden="true" class="wp-block-spacer"></div>



<figure class="wp-block-image size-large is-resized"><img loading="lazy" decoding="async" width="1024" height="578" src="http://www.atelierpaysage.be/wp-content/uploads/2025/09/unnamed-1024x578.jpg" alt="" class="wp-image-2551" style="width:641px" srcset="https://www.atelierpaysage.be/wp-content/uploads/2025/09/unnamed-1024x578.jpg 1024w, https://www.atelierpaysage.be/wp-content/uploads/2025/09/unnamed-400x226.jpg 400w, https://www.atelierpaysage.be/wp-content/uploads/2025/09/unnamed-768x434.jpg 768w, https://www.atelierpaysage.be/wp-content/uploads/2025/09/unnamed-1536x867.jpg 1536w, https://www.atelierpaysage.be/wp-content/uploads/2025/09/unnamed-2048x1156.jpg 2048w" sizes="(max-width: 1024px) 100vw, 1024px" /></figure>



<p class="has-cyan-bluish-gray-color has-text-color has-link-color has-objektiv-mk-3-font-family has-normal-font-size wp-elements-1ca4e435dbb9f03f5de4d1eef0c35cb8" style="font-style:italic;font-weight:400">L&rsquo;équipe en mars 2024. De gauche à droite : Sophie, Victor, Etienne et Alix</p>



<hr class="wp-block-separator has-text-color has-cyan-bluish-gray-color has-alpha-channel-opacity has-cyan-bluish-gray-background-color has-background is-style-wide" style="margin-top:var(--wp--preset--spacing--50);margin-bottom:var(--wp--preset--spacing--50)"/>



<p class="has-objektiv-mk-3-font-family has-large-font-size" style="font-style:normal;font-weight:400"><strong>Etienne Cellier,</strong> architecte paysagiste depuis 1997 et fondateur de l&rsquo;Atelier paysage. </p>



<p class="has-objektiv-mk-3-font-family has-large-font-size" style="font-style:normal;font-weight:400"><em>« artisan, paysan, jardinier animé d&rsquo;une curiosité sans cesse renouvelée à écouter, créer et raconter des paysages à vivre »</em></p>



<hr class="wp-block-separator has-text-color has-cyan-bluish-gray-color has-alpha-channel-opacity has-cyan-bluish-gray-background-color has-background is-style-wide" style="margin-top:var(--wp--preset--spacing--50);margin-bottom:var(--wp--preset--spacing--50)"/>



<p class="has-objektiv-mk-3-font-family has-large-font-size"><strong>Sophie Vandenabeele</strong>, architecte paysagiste, diplômée de la Haute Ecole Charlemagne en 2022. Elle a rejoint en 2022 l’Atelier Paysage.</p>



<p class="has-objektiv-mk-3-font-family has-large-font-size"><em>« curieuse et attentionnée à percevoir le sens de ses actions sur les paysages »</em></p>



<hr class="wp-block-separator has-text-color has-cyan-bluish-gray-color has-alpha-channel-opacity has-cyan-bluish-gray-background-color has-background is-style-wide" style="margin-top:var(--wp--preset--spacing--50);margin-bottom:var(--wp--preset--spacing--50)"/>



<p class="has-objektiv-mk-3-font-family has-large-font-size"><strong>Alix Gancille</strong>, architecte paysagiste, diplômée de la faculté de Gembloux en 2020. Elle a rejoint en 2022 l’Atelier Paysage.</p>



<p class="has-objektiv-mk-3-font-family has-large-font-size"><em>« avide de dessiner des paysages bénéfiques pour tout ce qui vit, héritage d&rsquo;hier mais surtout de demain »</em></p>



<hr class="wp-block-separator has-text-color has-cyan-bluish-gray-color has-alpha-channel-opacity has-cyan-bluish-gray-background-color has-background is-style-wide" style="margin-top:var(--wp--preset--spacing--50);margin-bottom:var(--wp--preset--spacing--50)"/>



<p class="has-objektiv-mk-3-font-family has-large-font-size"><strong>Victor Vanden Eynden</strong>, architecte paysagiste, diplômé de la Haute Ecole Charlemagne en 2021 et de la faculté de Gembloux en 2024. Il a rejoint en 2024 l’Atelier Paysage.</p>



<p class="has-objektiv-mk-3-font-family has-large-font-size"><em>« Attentif à rétablir l&rsquo;harmonie entre l&rsquo;homme et la nature et soucieux du génie du lieu, chaque espace doit pouvoir tisser son propre récit »</em></p>

<p>L&rsquo;équipe en mars 2024. De gauche à droite : Sophie, Victor, Etienne et Alix Etienne Cellier, architecte paysagiste depuis 1997 et fondateur de l&rsquo;Atelier paysage. « artisan, paysan, jardinier animé d&rsquo;une curiosité sans cesse renouvelée à écouter, créer et raconter des paysages à vivre » Sophie Vandenabeele, architecte paysagiste, diplômée de la Haute Ecole Charlemagne en 2022. [&hellip;]</p>
